{"id":13,"date":"2023-10-14T10:28:37","date_gmt":"2023-10-14T08:28:37","guid":{"rendered":"https:\/\/ecolenouvelle7.wordpress.com\/?page_id=13"},"modified":"2023-10-14T10:28:37","modified_gmt":"2023-10-14T08:28:37","slug":"qui-sommes-nous","status":"publish","type":"page","link":"https:\/\/quirky-golick.77-235-47-250.plesk.page\/index.php\/qui-sommes-nous\/","title":{"rendered":"Qui sommes nous?"},"content":{"rendered":"\n<h2 class=\"wp-block-heading\"><strong>Notre Mission<\/strong><\/h2>\n\n\n\n<p>L\u2019\u00c9cole Nouvelle est une association qui a pour mission de soutenir et de promouvoir l\u2019application et la diffusion des principes p\u00e9dagogiques d\u00e9velopp\u00e9s par le Docteur Ovide DECROLY.<\/p>\n\n\n\n<p>Cette association est totalement ind\u00e9pendante de l\u2019ASBL \u00c9cole Decroly. Elle est administr\u00e9e b\u00e9n\u00e9volement par des parents et anciens parents\u00a0\u00e0 l&rsquo;\u00e9coute des besoins de l&rsquo;\u00e9cole.<\/p>\n\n\n\n<p>Concr\u00e8tement, l&rsquo;association \u00c9cole Nouvelle offre une gestion immobili\u00e8re et un soutien financier pour permettre \u00e0 l\u2019Ecole Decroly de faire face \u00e0 ses d\u00e9penses non-subventionn\u00e9es (environ 500.000\u20ac par an). Ceci au travers de 3 types de subventions :<\/p>\n\n\n\n<ul>\n<li>Une subvention de fonctionnement qui vient s\u2019ajouter \u00e0 la subvention octroy\u00e9e par la&nbsp;Communaut\u00e9&nbsp;Fran\u00e7aise&nbsp;et qui permet \u00e0 l\u2019Ecole Decroly de faire face \u00e0 ses d\u00e9penses et mat\u00e9riel sp\u00e9cifiques \u00e0 sa p\u00e9dagogie : \u00e9lectricit\u00e9 et chauffage, mat\u00e9riel, personnel ouvrier, psychologue, biblioth\u00e9caire, professeurs d\u2019ateliers, pu\u00e9riculteur, \u2026<br><\/li>\n\n\n\n<li>Une subvention de financement des b\u00e2timents, lui permettant de faire face aux remboursements des emprunts hypoth\u00e9caires.<br><\/li>\n\n\n\n<li>Une subvention d\u2019entretien des b\u00e2timents pour r\u00e9aliser les travaux annuels de maintenance, de mise aux normes de s\u00e9curit\u00e9s, d\u2019am\u00e9lioration \u00e9nerg\u00e9tique, de r\u00e9novation, de peintures, d\u2019am\u00e9nagements\u2026<\/li>\n<\/ul>\n\n\n\n<p>C\u2019est gr\u00e2ce \u00e0 la solidarit\u00e9 des parents qui vous ont pr\u00e9c\u00e9d\u00e9s que l\u2019\u00c9cole Decroly est centenaire. C\u2019est gr\u00e2ce \u00e0 la v\u00f4tre que l\u2019\u00c9cole continuera d\u2019exister.<\/p>\n\n\n\n<h2 class=\"wp-block-heading\"><strong>Les Administrateurs<\/strong><\/h2>\n\n\n\n<p>Les membres \u00e9lus du CA :<\/p>\n\n\n\n<ul>\n<li>Stephan Rabinowicz, Pr\u00e9sident\n<ul>\n<li><a href=\"mailto:president@ecolenouvelle.be\">president@ecolenouvelle.be<\/a><\/li>\n<\/ul>\n<\/li>\n\n\n\n<li>Serge Esselinckx, Tr\u00e9sorier\n<ul>\n<li><a href=\"mailto:tresorier@ecolenouvelle.be\">tresorier@ecolenouvelle.be<\/a><\/li>\n<\/ul>\n<\/li>\n\n\n\n<li>C\u00e9cile Jottrand, Cotisations\n<ul>\n<li><a href=\"mailto:cotisations@ecolenouvelle.be\">cotisations@ecolenouvelle.be<\/a><\/li>\n<\/ul>\n<\/li>\n\n\n\n<li>Val\u00e9rie Borle, Administratrice<\/li>\n\n\n\n<li>Vincent Brison, Administrateur<\/li>\n\n\n\n<li>Sarah Burette, Administratrice<\/li>\n\n\n\n<li>Yannick Dister, Administrateur<\/li>\n\n\n\n<li>James Hellinckx, Administrateur<\/li>\n<\/ul>\n\n\n\n<p>Les membres de fait du CA :<\/p>\n\n\n\n<ul>\n<li>Marion Libert, Directrice Ecole Primaire<\/li>\n\n\n\n<li>Marc Charlier, Directeur Ecole Secondaire<\/li>\n<\/ul>\n\n\n\n<p>Sans oublier Jean-Claude Vanderlinden, Econome de l&rsquo;Ecole Decroly et \u00ab\u00a0invit\u00e9 permanent\u00a0\u00bb du CA, qui nous apporte son aide pr\u00e9cieuse.<\/p>\n\n\n\n<h2 class=\"wp-block-heading\"><strong>Coordonn\u00e9es bancaires<\/strong><\/h2>\n\n\n\n<p>Compte dons et cotisations : BE04 0689 3048 2631<\/p>\n\n\n\n<h2 class=\"wp-block-heading\"><strong>Contactez nous<\/strong><\/h2>\n\n\n\n<p>Vous constatez un probl\u00e8me ou des d\u00e9gradations \u00e0 un b\u00e2timent ou dans un local, qui n\u00e9cessiteraient une intervention ou une r\u00e9paration :&nbsp;<a href=\"mailto:alerte_travaux@ecolenouvelle.be\">alerte_travaux@ecolenouvelle.be<\/a><\/p>\n\n\n\n<p>Pour des questions ou demandes d&rsquo;informations g\u00e9n\u00e9rales concernant notre association :&nbsp;<a href=\"mailto:info@ecolenouvelle.be\">info@ecolenouvelle.be<\/a>&nbsp;&nbsp;<\/p>\n\n\n\n<p>Pour des questions relatives \u00e0 votre cotisation annuelle:&nbsp;<a href=\"mailto:cotisations@ecolenouvelle.be\">cotisations@ecolenouvelle.be<\/a><\/p>\n\n\n\n<p>Pour des questions ou remarques concernant notre site web :&nbsp;<a href=\"mailto:webmaster@ecolenouvelle.be\">webmaster@ecolenouvelle.be<\/a><\/p>\n","protected":false},"excerpt":{"rendered":"<p>Notre Mission L\u2019\u00c9cole Nouvelle est une association qui a pour mission de soutenir et de promouvoir l\u2019application et la diffusion des principes p\u00e9dagogiques d\u00e9velopp\u00e9s par le Docteur Ovide DECROLY. Cette association est totalement ind\u00e9pendante de l\u2019ASBL \u00c9cole Decroly. Elle est administr\u00e9e b\u00e9n\u00e9volement par des parents et anciens parents\u00a0\u00e0 l&rsquo;\u00e9coute des besoins de l&rsquo;\u00e9cole. Concr\u00e8tement, l&rsquo;association [&hellip;]<\/p>\n","protected":false},"author":1,"featured_media":0,"parent":0,"menu_order":0,"comment_status":"closed","ping_status":"closed","template":"","meta":{"footnotes":""},"yoast_head":"<!-- This site is optimized with the Yoast SEO plugin v22.6 - https:\/\/yoast.com\/wordpress\/plugins\/seo\/ -->\r\n<title>Qui sommes nous? - L&#039;Ecole Nouvelle<\/title>\r\n<meta name=\"robots\" content=\"index, follow, max-snippet:-1, max-image-preview:large, max-video-preview:-1\" \/>\r\n<link rel=\"canonical\" href=\"https:\/\/quirky-golick.77-235-47-250.plesk.page\/index.php\/qui-sommes-nous\/\" \/>\r\n<meta property=\"og:locale\" content=\"fr_FR\" \/>\r\n<meta property=\"og:type\" content=\"article\" \/>\r\n<meta property=\"og:title\" content=\"Qui sommes nous? - L&#039;Ecole Nouvelle\" \/>\r\n<meta property=\"og:description\" content=\"Notre Mission L\u2019\u00c9cole Nouvelle est une association qui a pour mission de soutenir et de promouvoir l\u2019application et la diffusion des principes p\u00e9dagogiques d\u00e9velopp\u00e9s par le Docteur Ovide DECROLY. Cette association est totalement ind\u00e9pendante de l\u2019ASBL \u00c9cole Decroly. Elle est administr\u00e9e b\u00e9n\u00e9volement par des parents et anciens parents\u00a0\u00e0 l&rsquo;\u00e9coute des besoins de l&rsquo;\u00e9cole. Concr\u00e8tement, l&rsquo;association [&hellip;]\" \/>\r\n<meta property=\"og:url\" content=\"https:\/\/quirky-golick.77-235-47-250.plesk.page\/index.php\/qui-sommes-nous\/\" \/>\r\n<meta property=\"og:site_name\" content=\"L&#039;Ecole Nouvelle\" \/>\r\n<meta name=\"twitter:card\" content=\"summary_large_image\" \/>\r\n<meta name=\"twitter:label1\" content=\"Dur\u00e9e de lecture estim\u00e9e\" \/>\n\t<meta name=\"twitter:data1\" content=\"2 minutes\" \/>\r\n<script type=\"application\/ld+json\" class=\"yoast-schema-graph\">{\"@context\":\"https:\/\/schema.org\",\"@graph\":[{\"@type\":\"WebPage\",\"@id\":\"https:\/\/quirky-golick.77-235-47-250.plesk.page\/index.php\/qui-sommes-nous\/\",\"url\":\"https:\/\/quirky-golick.77-235-47-250.plesk.page\/index.php\/qui-sommes-nous\/\",\"name\":\"Qui sommes nous? - L&#039;Ecole Nouvelle\",\"isPartOf\":{\"@id\":\"https:\/\/quirky-golick.77-235-47-250.plesk.page\/#website\"},\"datePublished\":\"2023-10-14T08:28:37+00:00\",\"dateModified\":\"2023-10-14T08:28:37+00:00\",\"breadcrumb\":{\"@id\":\"https:\/\/quirky-golick.77-235-47-250.plesk.page\/index.php\/qui-sommes-nous\/#breadcrumb\"},\"inLanguage\":\"fr-FR\",\"potentialAction\":[{\"@type\":\"ReadAction\",\"target\":[\"https:\/\/quirky-golick.77-235-47-250.plesk.page\/index.php\/qui-sommes-nous\/\"]}]},{\"@type\":\"BreadcrumbList\",\"@id\":\"https:\/\/quirky-golick.77-235-47-250.plesk.page\/index.php\/qui-sommes-nous\/#breadcrumb\",\"itemListElement\":[{\"@type\":\"ListItem\",\"position\":1,\"name\":\"Accueil\",\"item\":\"https:\/\/quirky-golick.77-235-47-250.plesk.page\/\"},{\"@type\":\"ListItem\",\"position\":2,\"name\":\"Qui sommes nous?\"}]},{\"@type\":\"WebSite\",\"@id\":\"https:\/\/quirky-golick.77-235-47-250.plesk.page\/#website\",\"url\":\"https:\/\/quirky-golick.77-235-47-250.plesk.page\/\",\"name\":\"L&#039;Ecole Nouvelle\",\"description\":\"\",\"potentialAction\":[{\"@type\":\"SearchAction\",\"target\":{\"@type\":\"EntryPoint\",\"urlTemplate\":\"https:\/\/quirky-golick.77-235-47-250.plesk.page\/?s={search_term_string}\"},\"query-input\":\"required name=search_term_string\"}],\"inLanguage\":\"fr-FR\"}]}<\/script>\r\n<!-- \/ Yoast SEO plugin. -->","yoast_head_json":{"title":"Qui sommes nous? - L&#039;Ecole Nouvelle","robots":{"index":"index","follow":"follow","max-snippet":"max-snippet:-1","max-image-preview":"max-image-preview:large","max-video-preview":"max-video-preview:-1"},"canonical":"https:\/\/quirky-golick.77-235-47-250.plesk.page\/index.php\/qui-sommes-nous\/","og_locale":"fr_FR","og_type":"article","og_title":"Qui sommes nous? - L&#039;Ecole Nouvelle","og_description":"Notre Mission L\u2019\u00c9cole Nouvelle est une association qui a pour mission de soutenir et de promouvoir l\u2019application et la diffusion des principes p\u00e9dagogiques d\u00e9velopp\u00e9s par le Docteur Ovide DECROLY. Cette association est totalement ind\u00e9pendante de l\u2019ASBL \u00c9cole Decroly. Elle est administr\u00e9e b\u00e9n\u00e9volement par des parents et anciens parents\u00a0\u00e0 l&rsquo;\u00e9coute des besoins de l&rsquo;\u00e9cole. Concr\u00e8tement, l&rsquo;association [&hellip;]","og_url":"https:\/\/quirky-golick.77-235-47-250.plesk.page\/index.php\/qui-sommes-nous\/","og_site_name":"L&#039;Ecole Nouvelle","twitter_card":"summary_large_image","twitter_misc":{"Dur\u00e9e de lecture estim\u00e9e":"2 minutes"},"schema":{"@context":"https:\/\/schema.org","@graph":[{"@type":"WebPage","@id":"https:\/\/quirky-golick.77-235-47-250.plesk.page\/index.php\/qui-sommes-nous\/","url":"https:\/\/quirky-golick.77-235-47-250.plesk.page\/index.php\/qui-sommes-nous\/","name":"Qui sommes nous? - L&#039;Ecole Nouvelle","isPartOf":{"@id":"https:\/\/quirky-golick.77-235-47-250.plesk.page\/#website"},"datePublished":"2023-10-14T08:28:37+00:00","dateModified":"2023-10-14T08:28:37+00:00","breadcrumb":{"@id":"https:\/\/quirky-golick.77-235-47-250.plesk.page\/index.php\/qui-sommes-nous\/#breadcrumb"},"inLanguage":"fr-FR","potentialAction":[{"@type":"ReadAction","target":["https:\/\/quirky-golick.77-235-47-250.plesk.page\/index.php\/qui-sommes-nous\/"]}]},{"@type":"BreadcrumbList","@id":"https:\/\/quirky-golick.77-235-47-250.plesk.page\/index.php\/qui-sommes-nous\/#breadcrumb","itemListElement":[{"@type":"ListItem","position":1,"name":"Accueil","item":"https:\/\/quirky-golick.77-235-47-250.plesk.page\/"},{"@type":"ListItem","position":2,"name":"Qui sommes nous?"}]},{"@type":"WebSite","@id":"https:\/\/quirky-golick.77-235-47-250.plesk.page\/#website","url":"https:\/\/quirky-golick.77-235-47-250.plesk.page\/","name":"L&#039;Ecole Nouvelle","description":"","potentialAction":[{"@type":"SearchAction","target":{"@type":"EntryPoint","urlTemplate":"https:\/\/quirky-golick.77-235-47-250.plesk.page\/?s={search_term_string}"},"query-input":"required name=search_term_string"}],"inLanguage":"fr-FR"}]}},"_links":{"self":[{"href":"https:\/\/quirky-golick.77-235-47-250.plesk.page\/index.php\/wp-json\/wp\/v2\/pages\/13"}],"collection":[{"href":"https:\/\/quirky-golick.77-235-47-250.plesk.page\/index.php\/wp-json\/wp\/v2\/pages"}],"about":[{"href":"https:\/\/quirky-golick.77-235-47-250.plesk.page\/index.php\/wp-json\/wp\/v2\/types\/page"}],"author":[{"embeddable":true,"href":"https:\/\/quirky-golick.77-235-47-250.plesk.page\/index.php\/wp-json\/wp\/v2\/users\/1"}],"replies":[{"embeddable":true,"href":"https:\/\/quirky-golick.77-235-47-250.plesk.page\/index.php\/wp-json\/wp\/v2\/comments?post=13"}],"version-history":[{"count":0,"href":"https:\/\/quirky-golick.77-235-47-250.plesk.page\/index.php\/wp-json\/wp\/v2\/pages\/13\/revisions"}],"wp:attachment":[{"href":"https:\/\/quirky-golick.77-235-47-250.plesk.page\/index.php\/wp-json\/wp\/v2\/media?parent=13"}],"curies":[{"name":"wp","href":"https:\/\/api.w.org\/{rel}","templated":true}]}}